lse
Is 319559587 a prime number?
False
Is 6425289979 composite?
True
Is 572740487 a prime number?
False
Is 55713369631 composite?
False
Is 148451470163 prime?
True
Is 120502433449 a composite number?
False
Is 780897643 composite?
False
Is 540317809 composite?
True
Is 965180081 a prime number?
False
Is 13455633571 a prime number?
True
Is 1941896449 a prime number?
True
Is 5581890703 composite?
True
Is 22139783 a composite number?
True
Is 4469869511 a prime number?
True
Is 11676310949 a composite number?
True
Is 3706873559 a composite number?
True
Is 2582241293 composite?
False
Is 2268793883 a composite number?
False
Is 5722577467 a composite number?
True
Is 71819390177 prime?
True
Is 217180027 composite?
False
Is 207092909 prime?
True
Is 327156461 composite?
False
Is 1277038549 prime?
False
Is 13435747057 prime?
True
Is 63935623439 a prime number?
False
Is 41851417 prime?
True
Is 7320282397 a composite number?
True
Is 11583422561 prime?
False
Is 262713443 a composite number?
False
Is 574632511 a composite number?
False
Is 391514614 composite?
True
Is 341059501 composite?
True
Is 55539339 composite?
True
Is 820837831 composite?
True
Is 880303793 a prime number?
False
Is 5037721093 a prime number?
False
Is 61308293 prime?
True
Is 422982697 composite?
True
Is 21611414411 a composite number?
False
Is 55225460461 a prime number?
False
Is 812882747 a prime number?
False
Is 851242127 a prime number?
False
Is 14587482727 a composite number?
True
Is 1557909157 prime?
False
Is 415498229 a composite number?
True
Is 10726990559 composite?
False
Is 876650429 a prime number?
True
Is 23090764069 a composite number?
True
Is 6270127691 a composite number?
True
Is 17822054011 composite?
False
Is 328919141 a composite number?
True
Is 7254090601 composite?
True
Is 1468096457 prime?
False
Is 560526613 composite?
False
Is 56924884805 prime?
False
Is 2793716717 a prime number?
False
Is 25512768166 prime?
False
Is 27982641959 composite?
False
Is 9174675173 prime?
True
Is 69329165 prime?
False
Is 385730843 composite?
False
Is 15468888657 a prime number?
False
Is 15841727893 a prime number?
True
Is 1718260519 prime?
False
Is 1723025489 composite?
False
Is 1183888331 a composite number?
False
Is 6640200253 a composite number?
True
Is 10245253313 prime?
False
Is 47476129309 prime?
False
Is 20762063069 prime?
False
Is 1982911867 a composite number?
True
Is 12854728538 a prime number?
False
Is 74178647597 prime?
True
Is 4030953 a prime number?
False
Is 443959577 a prime number?
True
Is 1406894261 prime?
True
Is 9931966409 a prime number?
False
Is 8634772697 a composite number?
True
Is 5333079001 composite?
True
Is 2658628013 a prime number?
True
Is 5063422591 a prime number?
False
Is 249063337 a prime number?
True
Is 19306119239 a prime number?
False
Is 32863824941 prime?
False
Is 2386488913 composite?
False
Is 401748937 a prime number?
False
Is 87022255891 a composite number?
False
Is 608503393 composite?
False
Is 63612661249 prime?
True
Is 17214767393 a prime number?
True
Is 838603393 composite?
False
Is 21091349189 prime?
False
Is 2222607557 a composite number?
True
Is 65293905401 a prime number?
True
Is 860252033 a composite number?
True
Is 13591844719 composite?
True
Is 46479191 composite?
True
Is 2526522457 composite?
False
Is 877761133 a composite number?
False
Is 101152451 a prime number?
True
Is 341226343 a prime number?
False
Is 604464701 composite?
False
Is 17847404791 a composite number?
False
Is 2460054907 a composite number?
True
Is 640979371 a composite number?
True
Is 867110747 prime?
False
Is 2369777537 prime?
True
Is 14326544807 a prime number?
True
Is 167526700169 a composite number?
True
Is 66859582029 composite?
True
Is 32296647037 a prime number?
True
Is 66552148067 composite?
False
Is 595039009 a composite number?
False
Is 866463929 a prime number?
True
Is 8231985641 a prime number?
False
Is 18226531573 a prime number?
False
Is 2407067057 a composite number?
False
Is 1051198193 prime?
False
Is 276420979 composite?
False
Is 517643941 a composite number?
False
Is 10876842259 a prime number?
True
Is 16476812837 a prime number?
True
Is 5627724439 a composite number?
False
Is 29144928089 composite?
False
Is 21318396623 a composite number?
False
Is 10561122479 a prime number?
True
Is 779575663 a prime number?
True
Is 223784369 prime?
True
Is 4771923973 composite?
False
Is 41635845913 a prime number?
False
Is 7443070909 prime?
True
Is 1105307393 prime?
True
Is 326828467 composite?
True
Is 221836763 prime?
True
Is 3265368383 a prime number?
False
Is 136919552137 a prime number?
True
Is 1299949381 a composite number?
True
Is 42484734631 prime?
False
Is 62686469 a prime number?
True
Is 70638633851 composite?
True
Is 4057634293 prime?
True
Is 7313940071 prime?
True
Is 103327197323 a composite number?
True
Is 143654732101 a composite number?
True
Is 1057133699 prime?
False
Is 4582099121 a composite number?
False
Is 359063581 composite?
False
Is 1877271047 a prime number?
False
Is 278177759 prime?
True
Is 8389363571 prime?
False
Is 9334444967 prime?
True
Is 16273206881 prime?
False
Is 96913079553 a prime number?
False
Is 2179067489 prime?
True
Is 378825089 composite?
False
Is 9767227 composite?
False
Is 55987204027 a composite number?
False
Is 27688889 a prime number?
False
Is 13562286917 a prime number?
True
Is 32127900131 prime?
True
Is 147892961 prime?
False
Is 10689882653 a prime number?
True
Is 254598557 a composite number?
False
Is 20808018407 composite?
True
Is 4060672061 a prime number?
True
Is 4480562441 composite?
False
Is 4203325367 a prime number?
True
Is 182660204803 a composite number?
False
Is 12826989713 composite?
True
Is 2568303833 a prime number?
True
Is 283566080063 prime?
False
Is 5959220549 a prime number?
True
Is 9511472189 composite?
False
Is 6396659461 a composite number?
False
Is 27888298649 prime?
True
Is 1366569671 composite?
True
Is 18760640501 a composite number?
False
Is 14687735765 prime?
False
Is 341864021 composite?
False
Is 7927820297 composite?
True
Is 32983003 prime?
True
Is 363621851 prime?
False
Is 9539645173 prime?
True
Is 26356700413 a composite number?
False
Is 3528280363 a prime number?
True
Is 996388933 a prime number?
True
Is 197392757 a composite number?
True
Is 11466175703 a prime number?
True
Is 89848291 a prime number?
False
Is 15269676601 a composite number?
False
Is 28828299637 composite?
False
Is 40024714985 prime?
False
Is 525246437 a composite number?
False
Is 225293143 composite?
False
Is 1347548087 a prime number?
True
Is 27302791883 a composite number?
False
Is 128877651863 a prime number?
True
Is 3947163551 a prime number?
True
Is 2139295465 prime?
False
Is 506766251 a prime number?
False
Is 305757901 composite?
True
Is 4089186961 a composite number?
False
Is 3126933213 prime?
False
Is 204294767 a prime number?
False
Is 26341186687 a prime number?
True
Is 575739601 composite?
True
Is 1531686895 a prime number?
False
Is 331985161 composite?
True
Is 21065683939 prime?
True
Is 65983573 prime?
False
Is 453982103 a composite number?
True
Is 938794759 prime?
False
Is 6157568333 prime?
False
Is 111687385543 prime?
True
Is 4484108983 prime?
False
Is 3769056407 a composite number?
False
Is 1258277651 a prime number?
False
Is 17773364426 a prime number?
False
Is 3330674269 a composite number?
True
Is 31018754981 prime?
True
Is 64936831 a prime number?
False
Is 270168791 a composite number?
True
Is 351568739 a prime number?
True
Is 40670684903 composite?
False
Is 15042889487 composite?
False
Is 207679403 composite?
True
Is 719450309 a composite number?
False
Is 757932337 composite?
False
Is 732964081 a prime number?
True
Is 2089285171 composite?
False
Is 12737480971 composite?
True
Is 836886409 a composite number?
False
Is 7884076237 composite?
False
Is 49575736627 prime?
True
Is 3017703389 prime?
True
Is 553163791 composite?
False
Is 35136240481 composite?
False
Is 325092127 composite?
False
Is 10922470123 prime?
False
Is 6553452679 a prime number?
True
Is 2298807547 a prime number?
True
Is 34016364679 a prime number?
False
Is 1065149311 a composite number?
True
Is 29702483119 composite?
False
Is 515681189 a composite number?
False
Is 233382087703 a prime number?
True
Is 53733636599 a composite number?
False
Is 